5*n + 24. List the prime factors of u.
2
Let l be ((-420)/25)/((-3)/20). What are the prime factors of -7*((-276)/l + (-3)/(-4))?
2, 3
What are the prime factors of 70/4*(-782)/(-115)?
7, 17
Let l(f) = 3*f**3 - 4*f**2 - 4*f + 12. What are the prime factors of l(5)?
3, 89
Let s(l) be the second derivative of -l**5/20 + 5*l**4/12 + l**3/2 + 5*l**2/2 + 3*l. Let x be s(5). Let w = 36 - x. What are the prime factors of w?
2
What are the prime factors of (-5)/1 - (1 + 5352)*-1?
2, 7, 191
Let u(y) be the third derivative of y**6/120 - y**5/4 + 5*y**4/12 + 13*y**3/6 + 10*y**2. Let v be u(14). Let t = v - -103. What are the prime factors of t?
2, 3, 5
What are the prime factors of (-8085)/(-70) + (-6)/(-4)?
3, 13
Let u(v) = 35*v**2 + 3 - 13*v**2 - 5*v**3 - 19*v**2 - 4. Let a be u(-2). Let f = a - 17. List the prime factors of f.
2, 17
Let u(n) = -1. Let j(c) = -c + 5. Let s(l) = j(l) + 3*u(l). List the prime factors of s(-26).
2, 7
Suppose -4*b - 1 = -5*t - 13, t = 4. Suppose -3*a - b = -2*f - 125, -a + f = -38. List the prime factors of a.
41
Let v be 4 + 6 - (0 + 3). Let p(y) = y**3 - 8*y**2 + 7*y + 2. Let t be p(v). List the prime factors of (14 - 6)*t/4.
2
Suppose -26*a + 35*a - 7020 = 0. List the prime factors of a.
2, 3, 5, 13
Suppose -242 = -s + 44. Let g = 478 - s. List the prime factors of g.
2, 3
Let z be 17/(3/(-24)*-4). Suppose -146 = -5*u - 5*q + q, z = u + 2*q. What are the prime factors of u?
2, 13
Suppose 1945*a + 56232 = 1956*a. List the prime factors of a.
2, 3, 71
Let v(l) = 13*l**2 + 13*l + 11. What are the prime factors of v(-8)?
739
Let g(s) be the first derivative of 177*s**4/4 + s**3 + s**2/2 - 3*s + 18. What are the prime factors of g(1)?
2, 89
Suppose -p = 5 - 8, 2*m - 83 = -p. What are the prime factors of m?
2, 5
Suppose 3*h - 2*h - 3*g = 13, 4*h = -2*g - 18. Let i be 1/h - (-3)/(-6). What are the prime factors of -4 + i + 1 + 61?
3, 19
Let n = 284 - 82. Suppose -n = -2*d - 46. List the prime factors of d.
2, 3, 13
List the prime factors of (-4698)/(-8) + (-19)/((-608)/(-40)).
2, 293
Let j be 9/(81/682) + (-10)/(-45). Suppose 2*n - j = -2*u, -11*u = -12*u + 4. What are the prime factors of n?
2, 17
Let j = 2542 + -1751. What are the prime factors of j?
7, 113
Let b = -204 + 835. What are the prime factors of b?
631
What are the prime factors of 2695/275*(-5)/(-1)?
7
Let l(f) = 2*f - 9. Suppose 2*y + 2 = 14. Let g be l(y). Suppose m + 227 = 6*m + g*c, -3*m + c = -125. List the prime factors of m.
43
Let q(l) = l**3 - 15*l**2 - 33*l - 15. Let h be q(17). Suppose 2*s + 2*s + y - 293 = 0, 4*y - 150 = -h*s. What are the prime factors of s?
73
Let h = 640 + -332. Suppose b = 5*r - 508, -2*r - b = r - h. List the prime factors of r.
2, 3, 17
Suppose -4 = s - r - 3*r, -s = 2*r + 4. Let c be s/10 - 2/(-5). Suppose -2*o - 2*x + 24 = 0, 5*x + 28 - 8 = c. List the prime factors of o.
2
What are the prime factors of (-14)/(-21)*5235/10?
349
Suppose -o + 4*v + 107 = 0, v - 20 = -3*o + 353. Let q = o - 55. List the prime factors of q.
2, 17
List the prime factors of 3 + -1 - (1606 + -2)*-2.
2, 3, 5, 107
Let o(p) = -16*p - 153. Let l be o(-16). Suppose 3*c = -2*k - 2*c + 119, -4*k + 303 = -3*c. Let i = l - k. List the prime factors of i.
31
Let c = 8 - 3. Let b = 144 - 128. Suppose c*h + 1 = b, 5*u = h + 157. What are the prime factors of u?
2
What are the prime factors of (-44016)/(-63) - ((-4)/(-3))/2?
2, 349
Let m be (30/20)/(1/2). Let w(o) = o**2 + 9*o - 7. Let n be w(-8). What are the prime factors of (m - n) + (-3)/(-1)?
3, 7
Suppose -r = 3*r - 188. Let s = r - 43. What are the prime factors of s?
2
Let c(f) = -4*f**3 + 7*f**2 + f + 3. Let z be c(5). Let n = -153 - z. List the prime factors of n.
2, 41
Let f be 6*((-1)/2 + 0). Let m be (-1)/(800/268 + f). Suppose 2*t + 162 = 5*w, -3*t + 81 + m = 4*w. What are the prime factors of w?
2, 17
Let o(j) = -j**3 - 3*j**2 + 4*j. Let x be o(-4). Suppose 0 = 5*a + 4*t - 80, 5*a - 80 = -5*t - x*t. What are the prime factors of a?
2
Suppose -5*i + 485 = -300. List the prime factors of i.
157
Let z be (1 + 1755/25)*10/4. Let l = z - 103. List the prime factors of l.
3, 5
Let k be 0 - (2 - (-159)/(-3)). Let y be 3/(6/(-8)) - 10. Let z = k + y. List the prime factors of z.
37
Suppose -46 = -2*g + 5*y, -9*y + 5*y = -8. What are the prime factors of g?
2, 7
Suppose 0 = -4*t + 6*t - 4022. What are the prime factors of t?
2011
Suppose -4*c = -20, -t - c - 607 = -4*t. What are the prime factors of t?
2, 3, 17
Suppose 28*i + 3128 = 11920. List the prime factors of i.
2, 157
Suppose 17*u = 8*u + 11295. List the prime factors of u.
5, 251
Suppose 0 = -3*q + 3*r + 1044, 0 = q + 2*r + r - 364. List the prime factors of q.
2, 11
Let a(j) = j**3 + 16*j**2 + 11*j - 3. What are the prime factors of a(-9)?
3, 5, 31
Let a be ((-6)/4)/(1/(-20)). Let g be (36/(-24))/(1/(-2)). Suppose t - g*t = -a. List the prime factors of t.
3, 5
Let p = -1356 + 3264. List the prime factors of p.
2, 3, 53
Let a(k) = -k**3 + 8*k**2 + 4*k + 2. Let u be (0 + 1)*21/3. List the prime factors of a(u).
79
Suppose 0 = -3*t - 0 - 27. Let q(n) = -15*n + 5. Let x be q(t). Suppose -4*h + x = h. List the prime factors of h.
2, 7
Suppose -s + 1 = -2*s, k + 3*s = -6. Suppose -2 = f - 10. Let m = f + k. What are the prime factors of m?
5
Let v(h) = 16*h**2 + h - 2. Suppose 5*m - 12 = 28. Suppose -10*x = -m*x + 4. What are the prime factors of v(x)?
2, 3, 5
Suppose -20*t - 5316 = -23*t - i, 3*t = -2*i + 5319. List the prime factors of t.
7, 11, 23
Let y(u) = 20*u - 742. What are the prime factors of y(69)?
2, 11, 29
Suppose 12*l - 17*l + 2610 = 0. List the prime factors of l.
2, 3, 29
Let f(t) be the third derivative of t**6/24 + t**5/10 - t**4/24 - 7*t**3/6 + 11*t**2. List the prime factors of f(3).
179
Suppose 1148 = m + 118. What are the prime factors of m?
2, 5, 103
Suppose -a = -4*u - 16, 3*u + 23 = 5*a + 2*u. Let v(n) = -5*n + 2 + a*n - 22*n - 1. What are the prime factors of v(-1)?
2, 3
What are the prime factors of (-2 + 1)/((-8)/5784)?
3, 241
Let y(p) = -5*p - 4. Let w(h) = h**3 - 7*h**2 - 5. Let d(l) = 2*l**2 + 5*l + 4. Let b be d(-3). Let n be w(b). What are the prime factors of y(n)?
3, 7
Suppose -2*b = -4, -2*n + b = -297 + 71. Let g = -128 + 191. Let z = n - g. What are the prime factors of z?
3, 17
Let d(m) = -8*m**2 - 8*m - 29. Let l(s) = 3*s**2 + 3*s + 10. Let c(b) = -4*d(b) - 11*l(b). Suppose 11*f - 2*f = 0. List the prime factors of c(f).
2, 3
Let u be 6/(-33) - (-5)/(110/(-1932)). Let m = 9 - u. What are the prime factors of m?
97
Suppose 0 = 4*m - 4, 3*m - 315 = -3*l + l. Suppose -9*u + 22*u = l. List the prime factors of u.
2, 3
Suppose -3*y - 15 = 0, -2*y - 10 = -w + 3. Let f = w + 3. Suppose 5*d - 14 - f = 0. List the prime factors of d.
2
Let j(t) = 121*t + 100. List the prime factors of j(12).
2, 97
Let w = -422 + 1828. What are the prime factors of w?
2, 19, 37
Let q(p) = 4*p**2 - 14*p + 46. List the prime factors of q(15).
2, 23
Let m = 55 + 2209. What are the prime factors of m?
2, 283
Suppose -2*w - 3*n = -565, 5*w = -3*n + 1858 - 468. What are the prime factors of w?
5, 11
Let m(a) be the second derivative of a**3/6 + 13*a**2/2 + 4*a. Let b be m(-9). Suppose b*w = 2*i - 64, 14 - 106 = -2*i - 3*w. What are the prime factors of i?
2, 5
Suppose 2*b = -2*b. Suppose -8*z + 5*z + 114 = b. Suppose 24*o - z = 22*o. List the prime factors of o.
19
Let n be 12/(-1 - -3) - 0. Suppose -n*s + 11*s = 20. Suppose -4*l - y = -20, -s*y = 4*l - 25 - 7. List the prime factors of l.
2
Let s = 110 - -996. List the prime factors of s.
2, 7, 79
Let y(l) = -l**3 - 11*l**2 - 10*l + 2. Let a be y(-10). Suppose -a*c + 0*c = 2. List the prime factors of c/(-5) - (-320)/25.
13
Let c(t) = 150*t**2 + 37*t + 72. List the prime factors of c(-2).
2, 13, 23
Suppose 0*c - c - 3*n = -19, -4*n = c - 19. Let s = 50 - c. What are the prime factors of s?
31
Let f(p) = p**3 - 7*p**2 - 7*p - 8. Let x be f(8). Suppose 9*r + 305 - 107 = x. Let y = 47 + r. List the prime factors of y.
5
Suppose 0*t = -2*t - 2*a + 1616, 1632 = 2*t - 2*a. What are the prime factors of t?
2, 7, 29
Let g be 0 + 1 - (-10 - -7). Suppose g*f - 15 = -f. Suppose -f*d = -141 - 51. What are the prime factors of d?
2
Let w = 14 + -11. What are the prime factors of (-30)/(-4) - w/(-2)?
3
